. Calculate the greatest common factor of z and 26.
13
Suppose 0 = -5*r - 5*d + 28720, 4*d + 26488 = 5*r - 2214. What is the greatest common factor of r and 495?
99
Suppose 2647 = 3*u - 117*j + 115*j, 0 = 4*j - 16. What is the highest common divisor of u and 5?
5
Suppose 2*o = 3*n - 7, -12*n = -o - 10*n - 6. Suppose o*c - s - 271 = 0, c = -5*s + 31 + 42. What is the highest common factor of 8 and c?
4
Let s(y) be the second derivative of 19*y**4/12 + y**3/2 + 2*y**2 - 45*y. Let m be s(-1). What is the greatest common divisor of 15 and m?
5
Suppose c - 38 = -5*y, -40 = -115*y + 111*y + 4*c. Let x(i) = -i**3 + 10*i**2 - 6*i. Let p be x(4). What is the greatest common factor of y and p?
8
Let g(d) = 4*d**2 - 12*d + 13. Let j be g(4). Suppose 0 = j*h + 202 - 695. What is the greatest common divisor of h and 306?
17
Suppose -3*g + 194 = -a, -551*a + 199 = 3*g - 547*a. Calculate the greatest common divisor of g and 2665.
65
Let l = -170 - -180. Calculate the highest common divisor of 90 and l.
10
Let h = -60 - -24. Suppose 6*v - 3*v + 129 = 5*p, p = 4*v + 189. Let q = h - v. What is the greatest common factor of 132 and q?
12
Let x be (112/12 + -11)*48/(-2). Let w be 224/x + 16/40. Calculate the greatest common factor of 28 and w.
2
Let m be (-84)/7*(5 + 220/(-8)). Let t be ((m/(-12))/(-3))/(1/38). What is the highest common factor of 30 and t?
15
Suppose 16 = g - 42. Let s = -8 + 68. Let v = s - g. Calculate the greatest common divisor of 14 and v.
2
Let n(z) = 271*z**2 - 74*z + 135. Let o be n(2). Calculate the greatest common divisor of 819 and o.
63
Suppose 23322*y = 23286*y + 4896. Let k(q) = 15*q**2 - 2*q - 1. Let z be k(-1). Calculate the highest common factor of z and y.
8
Let b be 51792/(-204) + (-2)/17. Let k = 272 + b. What is the highest common factor of k and 78?
6
Let s(b) = 11*b**2 - 35*b - 78. Let o be s(7). What is the highest common factor of o and 51?
3
Let i = -400 + 394. Let r(z) = -7*z - 6. Let o be r(i). What is the highest common divisor of 63 and o?
9
Suppose -60*h - 29 - 99 = -188*h. Let w(k) = -2*k - 7. Let i be w(-7). What is the greatest common factor of h and i?
1
Suppose -531*t + 145*t + 1862669 = -490773. Calculate the greatest common factor of 364 and t.
91
Let b(p) = 2*p - 10. Let h be b(9). Suppose 0 = -2*o + h. Suppose 3*r - o*y = -3*y + 12, -6 = -2*y. What is the highest common factor of 15 and r?
5
Suppose 0 = 12*u - 0*u - 1392. Let t(i) = -i**2 + 32*i + 792. Let q be t(-15). Calculate the greatest common divisor of u and q.
29
Let j be 1089/14 + (-555)/(-2590). What is the highest common factor of j and 429?
39
Suppose -3*a + 10 = q, -5*q + a - 2*a = -78. Let h(d) = q + 6 + 2 + 0 - 2*d. Let w be h(0). What is the greatest common factor of w and 72?
24
Let u(w) = w**3 - 6*w**2 + 12*w - 26. Let d be u(4). Let c be 552/115*d/(-3). What is the greatest common factor of 6 and c?
2
Suppose 24*h + 259 - 1075 = 0. Calculate the greatest common factor of h and 3706.
34
Suppose -6*q + 10*q = 2*y - 4456, 5*q - 11005 = -5*y. Calculate the highest common factor of 650 and y.
130
Suppose 3*a = 3*l + 114, -a - l + 37 = -3*l. Suppose 20*m = a*m - 570. What is the greatest common divisor of 24 and m?
6
Let n = 46 - 47. Let s = n - -42. Suppose -6*v = -7*v + r + 120, -3*v - 4*r + 381 = 0. What is the highest common divisor of v and s?
41
Suppose -5*p - 2*p + 406 = 0. Suppose -3*z + 2*z - 4*h + 20 = 0, h + p = 2*z. Calculate the highest common divisor of z and 98.
14
Let c = 197 + -1. Let m(k) = k**2 - 5*k - 668. Let o be m(-24). Calculate the highest common factor of c and o.
28
Let y = 5 + 4. Let k = -6005 - -6095. What is the greatest common factor of k and y?
9
Suppose -5*k + 124 = 5*n - 1, -5*k = -2*n + 85. Let i be (132/n - 2)/(21/980). What is the greatest common factor of i and 126?
14
Let x be (-143)/(-39)*303 + 2. What is the greatest common divisor of 63 and x?
21
Let h(g) = g**3 - 5*g + 38. Let t be h(4). Let q = t - 47. What is the greatest common divisor of q and 28?
7
Suppose -34 = -3*t - 2*t + 4*b, 2*t = b + 13. Let x be (-2)/((-4)/(-6)) + 3/1. Let p = x + t. What is the greatest common factor of p and 78?
6
Let d(s) = 13*s**2 + 18*s + 35. Let v be d(-2). Suppose -4*o = -5*q - 224, 3*q = 2*o - v - 63. What is the greatest common divisor of o and 187?
17
Suppose -4*d - 4*a = -164, -3*d + a - 3*a = -127. Suppose 0 = d*r - 38*r - 700. Calculate the greatest common factor of 60 and r.
20
Let m(a) = 58*a + 58*a - 14 - 118*a. Let l be m(-7). Suppose l = s - 5*g - 42 + 9, 2*g - 184 = -3*s. What is the highest common factor of 29 and s?
29
Let n = 2588 - -5434. Calculate the highest common divisor of n and 42.
42
Suppose 0 = 9*a + 2*q - 412 - 707, 2*a - 259 = 3*q. Calculate the highest common divisor of a and 2125.
125
Suppose 160 = 12*a - 140. Let s(h) = -h**2 + 34*h - 129. Let u be s(a). What is the highest common divisor of 64 and u?
32
Let v be (-4)/(4/(-3)) - (34 + -5). Let b = 44 + v. Let f = b + 12. What is the greatest common factor of 10 and f?
10
Let z(i) = -i - 60. Let s be z(22). Let b = -56 - s. Calculate the highest common factor of b and 2.
2
Let d = -145 - -207. Let t = d - 56. Suppose t*s = 8*s - 72. Calculate the greatest common divisor of s and 4.
4
Let y be (-20)/65*(-637)/14. Calculate the greatest common divisor of 16702 and y.
14
Let r(t) = t**3 + 27*t**2 + 109*t + 16. Let m be r(-22). Let h = -630 + 1352. What is the greatest common divisor of h and m?
38
Let f(v) = -v**3 + 12*v**2 + 52*v + 16. Let o be f(12). Calculate the highest common divisor of o and 720.
80
Let y(q) = -662 - 4*q**2 + 39*q**3 + 4*q**2 + 648 + 15*q. Let w be y(1). Calculate the greatest common divisor of 120 and w.
40
Let o = 18 - 21. Let v be ((-6 - o) + 6)*1. Suppose 5*y + 17 - 65 = v*j, -3*y = 5*j - 22. What is the greatest common divisor of y and 72?
9
Suppose 382*z + 32928 = 213614. What is the greatest common divisor of z and 1333?
43
Let v be 14*((5 - 1) + 130/(-35)). Let z be (2 - v/1)*-11. Calculate the greatest common factor of z and 242.
22
Let i = -5 - -1. Let j(a) = -24 + 5 + 14 - 13*a + 10*a. Let h be j(i). What is the greatest common divisor of h and 56?
7
Suppose 0 = 3*c - 3*t - 114, -118 = -4*c - 3*t + 62. Let f be 4 + c - 1 - -5. What is the highest common factor of f and 725?
25
Let n be (-11 - 6669/76)*-156. What is the highest common factor of 15 and n?
15
Let k(p) be the second derivative of 7*p**3/6 + 19*p**2/2 + 14*p. Let f be k(-5). Let j be 12/96 + (-2446)/f. What is the highest common divisor of j and 17?
17
Let c(z) = -67*z - 32. Let j be c(-5). Let b = j + -294. Calculate the highest common divisor of b and 36.
9
Let i be (17/(595/168))/((-4)/(-180)). Suppose -2*k - 3*k + 360 = 0. What is the greatest common divisor of i and k?
72
Let t be (-210)/14*-1*2/6. Suppose t*v = 4*o - 10, -v - 1 = -o + v. Suppose -o*i + g = -67, 2*g - 18 = -2*i + 4. What is the highest common factor of 117 and i?
13
Let a = 199 - 176. Calculate the greatest common factor of 207 and a.
23
Let j be (310 - 227) + 1 + 20. Calculate the greatest common divisor of j and 1027.
13
Let f be (-18160)/(-400) - 2/5. What is the greatest common factor of f and 27?
9
Let m be -1*9/(-2)*2. Suppose -n + 72 = -3*l, 0 = 6*n - 2*n + 4*l - 240. Calculate the greatest common factor of m and n.
9
Let s(c) = -22*c - 38. Let o be s(-5). Let u = -42 + 69. What is the greatest common factor of o and u?
9
Let v = -157 - -310. Let l(h) = 105*h + 849. Let o be l(-8). Calculate the highest common factor of v and o.
9
Suppose -39*a - 34*a - 94*a + 367734 = 0. What is the greatest common divisor of 18 and a?
6
Suppose -2948 = -82*c + 78*c. Suppose -3257 = -18*a - c. What is the highest common factor of a and 20?
20
Suppose 7*x - 29 = 27. Suppose -15*k + 1537 + 383 = 0. What is the highest common divisor of x and k?
8
Let o(d) = -4*d + 6. Let k be o(-3). Suppose -16*w + 7*w + 1116 = 22*w. Calculate the greatest common factor of k and w.
18
Let d(r) be the third derivative of -r**5/15 + 23*r**4/8 + 37*r**3/6 - 53*r**2 - r. Let a be d(17). What is the greatest common factor of 9 and a?
9
Suppose 5*m - 6*u - 452 = -10*u, 5*m = -5*u + 455. Suppose -1474 = -9*f - m. Let k = 37 + -23. What is the highest common divisor of k and f?
14
Let j be (-208)/(-24)*(